g) = 7*g - 1534. Let i(f) = 2*f - 399. Let z(y) = -23*i(y) + 6*x(y). Calculate z(-9).
9
Let q(z) be the second derivative of z**3/3 + 21*z**2/2 + 1400*z. What is q(-7)?
7
Suppose c = 10*k - 9*k + 10, 0 = -5*c + 20. Let u(m) = 8 + 44*m + 3*m**2 - 45*m - 4*m**2. What is u(k)?
-22
Let v be 33/(-12) + 39/52. Let a(s) = 3*s**2 - 2*s**3 - 3*s**2 + 59 - 58 + s - 2*s**2. Determine a(v).
7
Suppose j = 2*f - 20, 73*j + f - 38 = 77*j. Let l(v) = v**2 + 3*v - 44. Give l(j).
-4
Let h(s) = -7*s**2 - 13*s + 57. Let v(f) = -3*f**2 - 5*f + 21. Let r(o) = 3*h(o) - 8*v(o). Determine r(-1).
5
Let j be (1 - (-8)/16)/(3/174). Suppose -j*f - 9 = -86*f. Let d(i) = -i**3 - 8*i**2 + 7*i - 12. Give d(f).
6
Let b(z) = -z - 3. Let h(t) = -t + 28. Let w(j) = 4*b(j) + h(j). Calculate w(5).
-9
Let f(s) = -2*s**2 - 3*s - 3. Let v(a) = a**2 + 2*a + 1. Let d = -135 - -128. Let c(k) = d*v(k) - 3*f(k). Let l = -19 - -15. Determine c(l).
6
Let a(o) be the first derivative of o**3/3 - 3*o**2/2 + 3*o + 1503. Calculate a(-3).
21
Let i(y) = 2*y - 5. Suppose 0 = -4*l - 2*u + 70, -3*l + 26 = -u - 14. Let r be (-1)/(-5) + (-258)/l. Let a = -11 - r. Give i(a).
7
Let d(h) = -h**3 + 20*h**2 - 37*h - 30. Let x(v) = 2*v**3 - 41*v**2 + 75*v + 60. Let g(s) = -5*d(s) - 3*x(s). What is g(21)?
12
Let g(f) = -f - f + f**2 - f + 1 + 4*f. Suppose 42*u = 39*u - 783. Let r be (-1 - (-4)/3)/(29/u). Give g(r).
7
Let j(n) be the second derivative of n**3/6 - 13*n**2/2 - n. Let o be (-8)/40*-115 - 7. Suppose -o*p + 21*p + 5 = -q, 0 = -4*q - 4*p - 4. What is j(q)?
-13
Let f(d) = 5*d**2 + 5*d - 55. Let y(l) = 2*l**2 - 19. Let n(h) = -2*f(h) + 7*y(h). Give n(-4).
81
Let q(l) = -l**2 + 5*l + 4. Let y(k) = -k**3 + 13*k**2 - 26*k + 51. Suppose 11*s + 5*z = 15*s - 29, 0 = 5*s - 5*z - 40. Let x be y(s). What is q(x)?
-10
Let o(a) = -75*a - 5*a + 37*a - 2*a**2 - 3 + 46*a. Determine o(-5).
-68
Let p be -9 - (1 + -1 + -2). Let o(j) = 2*j - 5. Let r(g) = -g. Let w(h) = o(h) - r(h). Let t(s) = s. Let i(z) = -4*t(z) + w(z). Give i(p).
2
Let b be 111*((-4)/14)/((-9)/21). Let h = 114 - b. Let t be (h/12)/(2/6). Let k(d) = d - 8. Give k(t).
2
Let o(u) be the first derivative of -u**2/2 - 24*u + 494. What is o(-12)?
-12
Let d(v) = -91 + 7*v + 68 + 56. Let i be d(-5). Let q(j) = -18*j - 1. Calculate q(i).
35
Let f be (-44)/6*(66/396)/(2/(-18)). Let s(g) = -g**2 + 13*g + 1. Determine s(f).
23
Let o(h) = h**3 - 8*h**2 - 3*h + 76. Let g be o(7). Let m(w) = -2*w**2 + 5*w + 8. What is m(g)?
-34
Let g(p) = -8*p - 50. Let i be 416/(-65) - (-6)/(-10). Let v be g(i). Let o(n) = 4 - n**3 + 2*n - 3*n + 2*n**2 + 4*n**2. Calculate o(v).
-2
Let n(o) = -19*o + 103. Let r be (-17 + 16)/((-384)/(-56) - 7). Determine n(r).
-30
Suppose 4*l + 5*c + 90 = 8, -54 = 4*l - 9*c. Let i(u) = u**3 + 18*u**2 - u - 23. Give i(l).
-5
Let w(k) = 2*k**3 - k**3 - 2*k**3 - 6*k - 22 - 28 + 47 - 6*k**2. Give w(-5).
2
Let s(z) = 38*z - 7. Suppose -11*m = -m - m - 18. Give s(m).
69
Let x(z) = 7*z**3 + 10*z**2 + 32*z - 29. Let y(w) = 3*w**3 + 6*w**2 + 16*w - 14. Let t(f) = 4*x(f) - 9*y(f). What is t(15)?
-5
Let m(o) be the first derivative of -o**4 + 23*o**3/3 - 8*o**2 - 6*o - 1711. What is m(5)?
-11
Let k(m) = m**3 - 5*m**2 + 10*m - 8. Let f be (-732)/(-488)*(-8)/(-3). Calculate k(f).
16
Suppose 3*y + 18 = 0, 259 - 297 = -2*u + 5*y. Let i(m) be the second derivative of -m**4/12 + m**3/6 + 4*m**2 + m. Give i(u).
-4
Let p(g) = 11869 - 11876 + 0*g + g. Give p(25).
18
Let z(w) = -w**2 - 3*w + 18. Let d be z(3). Let m(f) = 6*f + 0 + 3*f + 14 + f**2 + d. Determine m(-6).
-4
Let o(b) be the second derivative of -5*b**4/6 + b**3/3 - b**2/2 - b - 15. Suppose 5*k - k = 2*g, 9 = 3*k + 3*g. Give o(k).
-9
Let b = 671 + -671. Suppose -14*w - 2*w - 128 = b. Let v(q) = -q**3 - 9*q**2 - 10*q - 18. What is v(w)?
-2
Suppose 0 = t - 0*t + 4. Let n(z) be the third derivative of 19 - 2*z**2 - 1/24*z**4 + 0*z + 0*z**3. Give n(t).
4
Let u(n) be the first derivative of n**3/6 + n**2/2 - 10*n + 8. Let v(c) be the first derivative of u(c). Suppose -12 = -0*m + 3*m. Calculate v(m).
-3
Let u(m) = -26*m - 97. Let s(j) = -54*j - 191. Let i(c) = 3*s(c) - 5*u(c). Give i(-3).
8
Suppose 5*k + 450 = 10*k. Suppose -h = -6*h + k. Let i = 24 - h. Let a(l) = -l**2 + 7*l + 6. Give a(i).
12
Let l(y) = 7*y + 5. Suppose 5*o = 4*n - 788, 0 = -15*n + 13*n + 3*o + 394. Let f = -202 + n. Give l(f).
-30
Let x(u) be the first derivative of -u**4/4 - 8*u**3/3 + 13*u**2/2 + 34*u - 483. Determine x(-9).
-2
Let t(v) = -11*v**2 + v - 13. Let o(i) = 5*i**2 - i + 6. Let w(p) = 5*o(p) + 2*t(p). Let h = 976 + -973. Determine w(h).
22
Suppose -132 = 11*x + 13*x + 9*x. Let u(i) = -i - 19. Determine u(x).
-15
Let t(k) be the second derivative of -1/12*k**4 - 2/3*k**3 + k**2 - 187*k + 0. Determine t(-2).
6
Let o(d) = d**2 - 5*d. Let m(v) = -v**3 - 9*v**2 - 9*v + 10. Let t be m(-8). Suppose -36 = -t*j + 24*j. Let z be (j + 0)*(24/9)/(-4). Determine o(z).
-4
Let k(w) = -12*w + 8. Let h(y) = 19*y - 12. Suppose 0 = x - 4*z - 4, 5*x + 0*x - 2*z = 38. Let v(l) = x*k(l) + 5*h(l). Determine v(6).
-2
Let p(i) = i**3 + 5*i**2 - 4*i - 4. Let m be -2 + 5 - (-2)/(-1). Let h be 6 + (0 - 2) + m. Suppose -h = 5*u - 2*u + 2*n, -4*u = -3*n + 35. Determine p(u).
16
Let h(g) = 2*g**2 - 108*g + 1397. Let f be h(22). Let u(a) = 10*a + 109. Determine u(f).
-1
Let y(g) = -2700 - 14*g + 2444 - 28*g. Give y(-6).
-4
Suppose -y + 6 = -2*a + a, -4*y + 9 = -a. Let d(l) be the third derivative of 0*l - 6 - 3*l**2 + 0*l**3 - 1/8*l**4. Determine d(y).
-3
Let m = -860 - -924. Suppose -108*x + 76*x + m = 0. Let j(f) = -4*f + 7. What is j(x)?
-1
Let j(u) be the second derivative of -2*u**3/3 - u**2/2 + 2*u. Let b(x) = 899*x - 4494. Let r be b(5). Determine j(r).
-5
Let c = -5150 + 5156. Let l(j) = -j**2 + 4*j + 6. Determine l(c).
-6
Let w(b) be the second derivative of -b**7/840 - b**6/45 - 5*b**4/24 + 11*b**3/6 + b**2/2 - 76*b. Let s(n) be the second derivative of w(n). Determine s(-8).
-5
Let h(p) = -p**2 + 15*p - 14. Let z(y) = y**2 + 3*y + 1. Let q(v) = -h(v) - 4*z(v). Let f(b) = -2*b**2 - 18*b + 7. Let d(m) = -8*f(m) + 5*q(m). Give d(-11).
16
Let s(x) = -2*x**2 + 42*x + 185. Let c be s(25). Let g(i) be the third derivative of i**4/24 + 19*i**3/6 - 6*i**2. Give g(c).
4
Suppose c + 2*d = 7*d + 13, 0 = 5*d + 10. Let u(p) = -p**2 + 41 - 3*p - 55 - 72 + 92. Give u(c).
-12
Let s(o) be the second derivative of -2 - 1/6*o**3 + 43*o + 0*o**2. Give s(-3).
3
Let f(d) be the second derivative of -d**5/20 - d**3/6 - 5*d**2 + d. Let o(p) = -17*p + 663. Let u be o(39). Determine f(u).
-10
Let j be 147/49 - (0 + -5). Let t(s) = s**3 - 10*s**2 + 25*s - 1. Give t(j).
71
Let r be 2/10 - (-570)/25. Suppose d - 6 = r. Let u = d - 26. Let t(j) = j + 1. Determine t(u).
4
Let l(p) = -19*p**2 - 112*p + 26. Let t(n) = n**3 - 22*n**2 + n + 774. Let z be t(20). What is l(z)?
14
Let k(s) be the first derivative of -3*s**4/4 + s**3 + 5*s**2/2 + s - 60. Let u(t) = -5*t**3 + 2*t**2 + 4*t. Let q(i) = -3*k(i) + 2*u(i). What is q(-3)?
0
Suppose -4*j + 9*j - 28 = 4*w, -4*w - 3*j + 4 = 0. Let u = 6 - w. Let h(q) = -8*q - q**3 - 6*q**2 + 4*q**2 - 2 + 11*q**2. Give h(u).
-2
Let v(y) be the third derivative of -y**4/24 + 4*y**2. Let a(o) = 13*o**2 + 5*o - 5. Let i be a(1). Suppose -7*q = -i*q + 12. Give v(q).
-2
Let s(t) = t**3 + 5*t**2 - 17*t - 52. Let b be s(-2). Let m(c) = -12*c - 56. What is m(b)?
16
Suppose -12*q = -4*a - 8*q + 48, -3*a - q + 28 = 0. Let l(b) = -b**3 + 10*b**2 - b + 1. Calculate l(a).
-9
Let n(v) = -7 - 2*v - 5*v**2 + 22 - 14. Suppose -21*b + 2 = -23*b - p, b + 7 = -2*p. Give n(b).
-6
Let u(l) = 2*l. Let v(g) = g**2 + 10*g + 14. Let w(y) = -5*u(y) + v(y). Let j(h) be the first derivative of w(h). What is j(-4)?
-8
Let d(f) = -30*f - 270. Let i(p) = -973*p + 6802. Let r be i(7). What is d(r)?
0
Let s(c) = 48*c**2 - 2 - 51*c**2 - c**3 - 49*c + 5 + 45*c. Determine s(4).
-125
Suppose -9 - 4 = 13*j. Let s(l) = -2*l**3 - 8*l**2 + 9*l. Let i(v) = v**3 + v**2 + v - 1. Let c(r) = j*i(r) - s(r). Calculate c(-8).
17
Suppose 373*n - 376*n = -5*v - 13, 33 = 5*n + 3*v. Let o(j) = 7*j**2 - 14*j + 12. Let d(c) = -6*c**2 + 13*c - 11. Let t(f) = 6*d(f) + 5*o(f). Determine t(n).
6
Let k(t) = -2*t**2 - 41*t + 4. Let h(a) = -3*a**2 - 51*a + 3. Let f(p) = -3*h(p) + 4*k(p). Determine f(7).
-